nder when 6640487 is divided by 3320096?
295
Calculate the remainder when 1304950 is divided by 434213.
2311
What is the remainder when 135782 is divided by 67495?
792
What is the remainder when 174336 is divided by 10?
6
What is the remainder when 652997 is divided by 29676?
125
Calculate the remainder when 83254503 is divided by 5118.
5115
What is the remainder when 1640786 is divided by 1281?
1106
What is the remainder when 1705047 is divided by 408?
15
Calculate the remainder when 7309008 is divided by 10.
8
What is the remainder when 59540 is divided by 19802?
134
Calculate the remainder when 6923153 is divided by 2936.
65
Calculate the remainder when 2300940 is divided by 99.
81
What is the remainder when 5777281 is divided by 4896?
1
What is the remainder when 396092 is divided by 2484?
1136
What is the remainder when 20646569 is divided by 5?
4
Calculate the remainder when 4233325 is divided by 86.
61
Calculate the remainder when 150047 is divided by 2815.
852
What is the remainder when 3593253 is divided by 456?
429
Calculate the remainder when 271603 is divided by 1780.
1043
What is the remainder when 89384298 is divided by 43?
26
What is the remainder when 1073848 is divided by 752?
744
What is the remainder when 808036 is divided by 1792?
1636
What is the remainder when 37792874 is divided by 7357?
7322
Calculate the remainder when 1602165 is divided by 43.
28
Calculate the remainder when 9838935 is divided by 3.
0
What is the remainder when 8268903 is divided by 2067222?
15
Calculate the remainder when 939270 is divided by 2676.
2670
Calculate the remainder when 2481456 is divided by 1830.
1806
Calculate the remainder when 3082559 is divided by 280.
39
Calculate the remainder when 38794344 is divided by 41.
21
Calculate the remainder when 8444 is divided by 2241.
1721
Calculate the remainder when 13235382 is divided by 5219.
5217
Calculate the remainder when 1434617 is divided by 6703.
175
What is the remainder when 1347449 is divided by 224547?
167
Calculate the remainder when 112391 is divided by 8629.
214
Calculate the remainder when 1384515 is divided by 37419.
12
Calculate the remainder when 371046 is divided by 123515.
501
What is the remainder when 51094304 is divided by 121?
118
Calculate the remainder when 1279078 is divided by 19985.
38
Calculate the remainder when 1584161 is divided by 316753.
396
What is the remainder when 1487896 is divided by 29?
22
What is the remainder when 411676 is divided by 102915?
16
Calculate the remainder when 776057605 is divided by 188.
185
What is the remainder when 9648 is divided by 1346?
226
Calculate the remainder when 143422 is divided by 5516.
6
What is the remainder when 2109173 is divided by 210872?
453
Calculate the remainder when 31036 is divided by 2348.
512
Calculate the remainder when 5133900 is divided by 201.
159
Calculate the remainder when 591962 is divided by 11.
8
Calculate the remainder when 3508884 is divided by 5245.
5224
What is the remainder when 15038173 is divided by 19?
15
What is the remainder when 655639 is divided by 327797?
45
What is the remainder when 649915 is divided by 1923?
1864
What is the remainder when 938416521 is divided by 68?
65
Calculate the remainder when 120109412 is divided by 9427.
5
Calculate the remainder when 555075 is divided by 1289.
805
Calculate the remainder when 129611062 is divided by 12961106.
2
What is the remainder when 329387 is divided by 157?
1
What is the remainder when 2762758 is divided by 154?
152
What is the remainder when 43921784 is divided by 133?
130
Calculate the remainder when 2562637 is divided by 1281309.
19
Calculate the remainder when 478954 is divided by 478.
476
What is the remainder when 2310320 is divided by 2310304?
16
Calculate the remainder when 1975933 is divided by 344.
341
Calculate the remainder when 10652667 is divided by 269.
267
Calculate the remainder when 1568059 is divided by 6855.
5119
What is the remainder when 157688795 is divided by 3754495?
5
Calculate the remainder when 59752110 is divided by 133.
131
What is the remainder when 9099 is divided by 444?
219
Calculate the remainder when 19129065 is divided by 9.
6
Calculate the remainder when 137033 is divided by 1376.
809
What is the remainder when 591965 is divided by 4327?
3493
What is the remainder when 242247 is divided by 26774?
1281
What is the remainder when 1578677 is divided by 181?
176
Calculate the remainder when 281930 is divided by 193.
150
Calculate the remainder when 23057829 is divided by 56.
53
Calculate the remainder when 3390947 is divided by 4803.
29
Calculate the remainder when 57480224 is divided by 92.
4
Calculate the remainder when 58930817 is divided by 2898.
2885
What is the remainder when 1199393 is divided by 299694?
617
What is the remainder when 8536310 is divided by 67?
41
What is the remainder when 35186795 is divided by 17593397?
1
Calculate the remainder when 312711631 is divided by 10127.
10125
What is the remainder when 19152843 is divided by 3830566?
13
Calculate the remainder when 33789279 is divided by 280.
279
Calculate the remainder when 92102 is divided by 22924.
406
Calculate the remainder when 1136807 is divided by 6.
5
Calculate the remainder when 22544498 is divided by 21.
11
What is the remainder when 39923 is divided by 39829?
94
Calculate the remainder when 23338679 is divided by 4578.
35
Calculate the remainder when 24285302 is divided by 2207754.
8
Calculate the remainder when 31443032 is divided by 313.
304
What is the remainder when 2221155 is divided by 108?
27
What is the remainder when 73073 is divided by 72491?
582
Calculate the remainder when 341362 is divided by 68167.
527
What is the remainder when 2726087 is divided by 2970?
2597
What is the remainder when 85586539 is divided by 11072?
11051
What is the remainder when 4076048 is divided by 679341?
2
Calculate the remainder when 158918 is divided by 327.
323
Calculate the remainder when 35601 is divided by 2180.
721
Calculate the remainder when 3260 is divided by 3136.
124
What is the remainder when 18500034 is divided by 2412?
2406
What is the remainder when 710271 is divided by 736?
31
Calculate the remainder when 1113183 is divided by 1113180.
3
What is the remainder when 842126 is divided by 539?
208
What is the remainder when 1231018 is divided by 2931?
2929
What is the remainder when 1224286 is divided by 612060?
166
Calculate the remainder when 173006 is divided by 12329.
400
Calculate the remainder when 28352656 is divided by 50093.
18
What is the remainder when 6054106 is divided by 1003?
1001
What is the remainder when 43598951 is divided by 219?
212
Calculate the remainder when 740515 is divided by 12754.
783
Calculate the remainder when 29918045 is divided by 9423.
20
Calculate the remainder when 719198 is divided by 17.
13
Calculate the remainder when 754039 is divided by 42.
13
Calculate the remainder when 896983 is divided by 1287.
1231
What is the remainder when 763457 is divided by 28276?
5
Calculate the remainder when 142344903 is divided by 117.
12
Calculate the remainder when 2018321 is divided by 183477.
74
What is the remainder when 3024962 is divided by 757?
747
Calculate the remainder when 2826882 is divided by 226.
74
Calculate the remainder when 41017 is divided by 40767.
250
Calculate the remainder when 166352 is divided by 80034.
6284
What is the remainder when 5232989 is divided by 1744295?
104
What is the remainder when 27017811 is divided by 1866?
1863
What is the remainder when 319109505 is divided by 2289?
15
What is the remainder when 126989 is divided by 27?
8
What is the remainder when 18348 is divided by 2577?
309
Calculate the remainder when 711235 is divided by 44452.
3
Calculate the remainder when 22269 is divided by 2975.
1444
Calculate the remainder when 7942052 is divided by 1323653.
134
What is the remainder when 458328 is divided by 844?
36
What is the remainder when 44360057 is divided by 22180021?
15
What is the remainder when 408328 is divided by 2816?
8
Calculate the remainder when 7388972 is divided by 1147.
1145
What is the remainder when 2694155 is divided by 3406?
9
What is the remainder when 81899234 is divided by 10457?
10
Calculate the remainder when 12661730 is divided 